*3/2 + 7*h**2/2 + 3*h. Suppose 3*w + 0 = -12, -2*q + 2 = 2*w. What is the units digit of f(q)?
2
Let x be ((-108)/(-8) - 3)*2. Let n be (-4 - 3)*(-9)/x. Suppose n*d - 3*q - 2*q - 39 = 0, 3*d = -2*q + 18. What is the units digit of d?
8
Suppose 19*c + 1510 = 29*c. Suppose 0 = 4*g - 129 - c. What is the units digit of g?
0
Let q(h) be the third derivative of 61*h**5/60 + h**4/24 + 14*h**2. What is the tens digit of q(-1)?
6
Suppose -24*l + 64 = -28*l. Let w(k) = -k**3 - 16*k**2 - 11*k - 13. What is the hundreds digit of w(l)?
1
Let c(g) be the first derivative of -3*g**4/2 - 2*g**3/3 + 2*g**2 - g + 32. What is the units digit of c(-3)?
1
Let d = 23 - 23. Suppose d = 2*f - 3 - 7. Suppose -3*o + 13 = 5*c, 0 = -f*c + 3*c + 4. What is the units digit of o?
1
Suppose 10*t + 592 = 2*t. Let j = -311 + 205. Let c = t - j. What is the units digit of c?
2
Let a = 3823 - 331. What is the tens digit of a?
9
Suppose -3*t - 3 = -69. Suppose v = b + 2, -b + 5*v - t = -0*b. What is the units digit of (-17)/(-3) + (-2)/b?
5
Let p(i) = i**2 + i + 6. Let q be p(0). Let m = 217 - 297. What is the units digit of 9/q*m/(-12)?
0
Suppose 1806 = 32*t - 26*t. What is the hundreds digit of t?
3
Suppose -63*n = -88198 - 17831. What is the thousands digit of n?
1
Let n = -4 + 6. Suppose 3*b + 115 = -n. Let x = b + 66. What is the units digit of x?
7
Let l(v) = -5*v + 7*v + 7*v + 3. Suppose 2*m - 5*g - 15 = -6, -4 = 4*g. What is the tens digit of l(m)?
2
Let q(j) = 2*j**2 + 33*j + 35. What is the tens digit of q(-18)?
8
Let g be 16/64*4/1 - -4. What is the hundreds digit of g - -197 - 4 - -2?
2
Suppose -7*l = -5*l - 10. Suppose 5*n = l*g + 2 + 568, -3*n = -2*g - 338. What is the tens digit of n?
1
Let l(g) be the third derivative of -g**5/60 + 11*g**4/24 - 5*g**3/3 - 8*g**2. Let m be l(10). Suppose m = -3*t + 2*t + 21. What is the tens digit of t?
2
Suppose 1064 = 8*o - 1648. What is the hundreds digit of o?
3
Suppose 12*x = -9*x + 1806. Suppose -x = -39*j + 37*j. What is the units digit of j?
3
Suppose 0 = -0*y + 3*y. Suppose s - 7 = -y. Suppose s*a = 2*a + 130. What is the tens digit of a?
2
Let b = 1105 + -585. What is the hundreds digit of b?
5
Let q = 191 - -4482. What is the thousands digit of q?
4
Let r(m) = -4*m**2 - 2*m + 3. Let n be r(3). Let q = -112 + 48. Let w = n - q. What is the tens digit of w?
2
Suppose 2*m + 424 = 6*m. Let o = -77 + m. What is the units digit of o?
9
Let u = 4 - 0. Let y = -3 + u. Suppose 0 = 2*k + 3*f - 4 + 2, -f + y = k. What is the units digit of k?
1
Let r(p) = -3*p**3 - 5*p**2 + 23*p + 19. What is the tens digit of r(-9)?
9
Let z(k) = 110*k**3 - 2*k**2 + 18*k - 15. What is the hundreds digit of z(3)?
9
What is the hundreds digit of (-2)/(6/(0 + 3))*-1039?
0
Let v = -4 + -3. Let m(y) be the first derivative of y**3/3 + y**2/2 + 16*y + 1. What is the tens digit of m(v)?
5
Let h = 95 + -91. Suppose -h*p + 506 = 2*l, -5*p + 2*p + 412 = -5*l. What is the units digit of p?
9
Let x = -98 + 162. What is the tens digit of x?
6
What is the units digit of (4 + 25/(-5))*-326?
6
Let y = 26 - 19. Suppose -4*l - 5*m = 9 - 82, 0 = l - m - y. What is the tens digit of l?
1
Suppose 0 = 3*o + 38 - 110. Let z be (666/o)/((-3)/(-8)). Let t = z - 35. What is the tens digit of t?
3
Let v be 135/20 + (-1)/(-4). Let t = -2 + v. What is the units digit of (1 + -2 + 2)*t?
5
Suppose -7*h + 8*h - 58 = -w, h - 182 = -3*w. Suppose -141 = -r + 4*i, -5*r + 2*i = -571 - w. What is the tens digit of r?
2
Let i = -12 - -10. Let t be -3 + 11 - (i + 3). Let c(w) = w**3 - 6*w**2 - 6*w - 1. What is the units digit of c(t)?
6
Suppose -5*x = -x - 4*t - 40, -x + 5*t - 10 = 0. Let z be x/35 - 339/7. Let k = -12 - z. What is the tens digit of k?
3
Suppose -2*k = 6*k. Let l(h) = -4 + h + 16 + 2. What is the tens digit of l(k)?
1
Suppose -27083 - 46839 = -23*o. What is the hundreds digit of o?
2
Suppose 0 = n - o + 384, 3*n + o + 1144 = -0*o. Let z = -165 - n. What is the hundreds digit of z?
2
Suppose 3*n - 15 = -3*m - 3, 0 = -3*n + 3*m. Suppose -n*i + 138 - 26 = 0. What is the units digit of i?
6
Let m = 12 + -9. Suppose -w - m*o + 71 = 0, -6*w - o + 117 = -4*w. What is the units digit of w?
6
Suppose 0 = -5*b + 10 + 15. Suppose -4*d + 5*q = -23 - 30, -82 = -b*d + q. What is the tens digit of d?
1
Let p be ((22/33)/((-2)/(-9)))/1. Suppose -2*x + z - p*z + 296 = 0, -5*z = -x + 142. What is the hundreds digit of x?
1
Let q(j) = -5*j**3 - 9*j**2 - 14*j + 21. What is the tens digit of q(-6)?
6
Let p = -7 + 18. Suppose -4*t - 14 = -p*t. What is the units digit of t?
2
Let f(w) = 37*w - 2*w**2 + 3*w**2 - 26*w + 15 - 2*w**2. What is the units digit of f(12)?
3
What is the tens digit of 2675/(-10)*(-4 - -2)?
3
Suppose -4*p = -2*y - 740, -3*p + 541 = 4*y - 2*y. Let s = 90 + p. What is the units digit of s?
3
Let x(n) = -n - 6. Let v be x(-6). Suppose 5*r = -5*y + 35, -5*y + 38 = -v*y + 2*r. Let k = y + 15. What is the tens digit of k?
2
What is the tens digit of 2 + (-95)/38 + 5195/2?
9
Let i be (-6)/9 + (-94)/(-6). Suppose 7*w - 2*w = i. Suppose s = x + 19, -67 = -w*s + 2*x - 4*x. What is the tens digit of s?
2
Suppose -6*m - 21816 = -24*m. What is the units digit of m?
2
Suppose 0 = -42*d + 19*d + 9177. What is the units digit of d?
9
Suppose 0 = -5*y + 4*o + 4667 - 62, -3*y + 2763 = -2*o. What is the tens digit of y?
2
Let w(y) = 2*y + 15. Let m be w(-5). Suppose -2*t + m*t = 42. Suppose t = h - 1. What is the tens digit of h?
1
Suppose 5*x - 1645 = -3*g, -11*x + 12*x + 5*g - 351 = 0. What is the units digit of x?
6
Suppose -z + 121 = 4*f, -4*f + 106 + 13 = -z. Suppose -6*i - f = 126. Let s = -7 - i. What is the units digit of s?
9
Let m be (0 + 1)*(4 + -5). Let w = m + 5. What is the units digit of w?
4
Suppose -5*n = -2*u - 836, -n = -4*n - 4*u + 486. Let g = n + 87. What is the units digit of g?
3
Let h(w) = w**2 + w + 1. Suppose 0 = -5*z + 25, 7*n + 3*z = 2*n + 145. Let s = -21 + n. What is the units digit of h(s)?
1
Let c(g) = -g**3 - 7*g**2 + 8*g - 4. Let q be (-406)/56 + 3/(-4). Let v be c(q). What is the tens digit of (-66)/v*(-2)/(-3)?
1
Let c = 12 + -8. Suppose 0 = -c*v - 3 - 9. Let t(d) = -5*d. What is the tens digit of t(v)?
1
Let o(p) = -p - 1. Let s(m) = -m + 10. Let t(j) = 3*o(j) + s(j). What is the tens digit of t(-12)?
5
Let m(s) = -s**3 + 9 + 8*s**3 - 2*s**2 - 9*s - 6*s**3. Let o be m(6). Let i = o + -49. What is the units digit of i?
0
Let d = -91 + 120. What is the tens digit of d?
2
Let b(p) = -p**3 - 22*p**2 - 23*p - 29. Let y be b(-21). Suppose -3*g = 5*h - 19, g - 5*h = -0*g + y. What is the units digit of g?
8
Let l be -2 + 20/12 - 467/3. Let z = 278 + l. What is the units digit of z?
2
Let o(b) = 4*b**3 - 11*b**2 - 11*b + 17. Let d(k) = k**3 + k. Let v(w) = -3*d(w) + o(w). Let f be v(12). What is the tens digit of (-11 - f)*34/(-8)?
1
Let l = -609 + 905. What is the hundreds digit of l?
2
Let x = 153 - -457. What is the units digit of x?
0
Let y(h) = -6*h + 3. Let r be y(-5). Let p = r - -11. What is the tens digit of p?
4
Let a(x) = -x**3 + 3*x - 6*x + 0 - 2 + 5*x**2. Let y be a(4). Suppose 2*k - j + 23 = 3*k, y = 2*j. What is the units digit of k?
2
Let x = 180 + 65. What is the hundreds digit of x?
2
Suppose 4*q - q = -2*f - 524, 5*f = 10. What is the units digit of 25/(-125) - q/5?
5
Let k(y) = -y**3 + 11*y**2 - 5*y + 19. Let p be 1*1*(1 + 4). What is the units digit of k(p)?
4
Let k(q) = -4*q - 13. Let s be k(-6). Let y(c) = c. Let h be y(s). Suppose h = a - 19. What is the tens digit of a?
3
What is the tens digit of 2 + (-8)/8 + (1 - -839)?
4
Let l = 1124 + 3089. What is the hundreds digit of l?
2
Let m(d) = -d**3 + 6*d**2 - 2*d - 10. Let v be m(5). Suppose v*p - 190 = 3*p. What is the units digit of p?
5
Suppose 48*x = 1428 + 1404. What is the units digit of x?
9
Suppose 192*t = 198*t - 3402. What is the hundreds digit of t?
5
Suppose h - 2*h = 4*p + 326, -4*p - 334 = 5*h. Let t = -79 - p. What is the units digit of t?
2
Let w be ((-702)/(-24))/((-2)/32*-6). What is the units digit of -2 + w + -5 + 11 + -8?
4
Let h(n) be the first derivative of -n**4/4 + 2*n**3 - 3*n**2/2 - 6*n + 5. Let j be h(5). Let z = j + 19. What is the units digit of z?
3
Let m(g) = -g**3 + 7*g**2 + 5*g - 9. What is the units digit of m(5)?
6
Suppose -9*w + 892 = -5*w. Suppo